) = 29*v + 42. Let b be d(-2). Let r(y) = 3*y + 53. Give r(b).
5
Let l(k) = -7*k + 16. Let u(w) = 19*w - 49. Let x(a) = 8*l(a) + 3*u(a). Let o be (5 + -5)/(-2 - -1). Calculate x(o).
-19
Let i(v) = v**2 + 6*v + 2. Let d(a) = a**3 + 4*a**2 + 29. Let m be d(-5). Suppose m*h + 14 = -3*c, 15 = -4*c + 2*c + 3*h. Determine i(c).
2
Let s(w) = 382*w - 4 + 413*w + 9*w**2 + 378*w - 1178*w. Determine s(1).
0
Let g(r) be the second derivative of -r**6/240 - r**5/120 - 137*r**4/12 - 75*r + 2. Let f(j) be the third derivative of g(j). Determine f(-1).
2
Let o(i) be the third derivative of 3/8*i**4 + 8*i**2 - 7/3*i**3 - 1/60*i**5 - 2*i + 0. What is o(8)?
-6
Let s(u) = u**3 + 5*u**2 + 3*u + 3. Let c = 7 + -13. Let q be (36/8)/((-15)/c - 2). Suppose 9*n + 9 = -q. What is s(n)?
9
Suppose 3232*p - 3237*p = -40. Let o(c) = c**2 - 6*c - 28. What is o(p)?
-12
Let b(p) = p**2 + 6*p - 61. Let g = 4621 - 4615. Determine b(g).
11
Suppose d - 4*h = 6*d - 69, -2*d = -3*h. Let u(k) = -18*k + 159. Determine u(d).
-3
Let r(s) = 14625*s**2 - 6*s - 7318*s**2 - 7308*s**2. Let a(i) = -i + 6. Let h be a(-7). Suppose h - 2 = 2*u - 5*q, -3*q + 13 = -4*u. Determine r(u).
-7
Let c(u) = 37*u + 128. Let v(y) = -10*y + 1. Let g(z) = -c(z) - 3*v(z). Give g(-18).
-5
Let l(k) = 5*k + 11. Let b(s) be the second derivative of -s**3/6 - 3*s - 1. Let f(n) = -6*b(n) - l(n). Determine f(7).
-4
Let n(p) be the first derivative of p**3/3 - p**2/2 + 40*p + 915. What is n(0)?
40
Suppose 0 = -2*j + 4*x + 22, -j + 7*x - 12*x = 17. Let a(g) = 4 + g**j - 3*g + 84*g**2 + 4*g - 89*g**2. Determine a(4).
-8
Let j = -87 - -92. Let p(l) = 2*l - 13 + 6 + 0 - j*l. Determine p(-5).
8
Let f(g) = g**2 - g + 1. Let m be f(0). Let u(d) = -d**2 + 17*d - 13. Let c be u(16). Let o(t) = -251*t + t**2 - 1 - 4*t**c - 3*t**3 + 251*t. Calculate o(m).
-7
Let t(d) = 2*d**2 - 5*d - 4. Suppose f + 12 = 2*j + 3, 3*j = -3*f. Let k be 5/f*(-48)/20 + 0. Calculate t(k).
8
Let u be 3 + (2/5 - (-276)/10). Let i(o) = -u*o + 13*o - 1 + 15*o. What is i(1)?
-4
Let r(q) be the third derivative of q**5/30 - q**4/12 + 41*q**3/6 + 8*q**2. Let k be r(0). Let h(v) = 2*v**2 + k - 3*v - 38 - 2*v**3 + 3*v**3. Calculate h(-3).
3
Suppose 3*h - 5*o - 4 = 0, o = h - 2*h - 4. Let y(f) = f**3 + f**2 - 1. Let b be y(h). Let j(m) = -1189*m - m**2 + 4 + 2390*m - 1205*m + 2. Calculate j(b).
1
Suppose -2*f - 2*o = -52, -2*o + 20 - 58 = -f. Let t = f + -27. Let h be (-65)/15 - 2/t. Let j(n) = -2*n + 4. What is j(h)?
14
Suppose 5*i - 11 = 2*x, -x + i + 2*i - 7 = 0. Let g be x/(-2)*(-2 - 12). Let w be 2 + 16/g + (-12)/84. Let m(y) = -y**2 + 3*y - 4. Calculate m(w).
-4
Let c = 3 + 3. Suppose -2*u = -o + 7 - 22, -o - 5 = 0. Let r(v) = -425*v**3 + u*v**2 + 212*v**3 + 6*v + 212*v**3 - 9. Calculate r(c).
-9
Let p = 22 + -13. Let b be 6/9*((-420)/(-8))/5. Let u(o) = 7*o - o**2 + 4 + b*o - p*o. Determine u(5).
4
Let v(p) be the second derivative of p**4/12 - 5*p**3/6 + p**2 - 411*p. What is v(5)?
2
Let c = 369 + -367. Let n(v) = 2 + v**2 + 9 + 2*v**2 + 1 - c*v**2 - 11*v. Calculate n(9).
-6
Let p(u) = -2*u**3 - 15*u**2 - 75*u - 487. Let z be p(-7). Let i(n) = -4*n - 2. Determine i(z).
42
Let c(o) = o**2 + 3*o. Let k(u) = -u**3 + 12*u**2 - 10*u + 26. Let j be k(10). Let l = -130 + j. Determine c(l).
4
Let x(c) = 3480 + c - 1736 + 2*c**2 - 1738 + c**3. Determine x(-3).
-6
Let c(p) = -2*p**3 + 78*p**2 + 6*p - 6. Let m(n) = 5*n**3 - 174*n**2 - 13*n + 15. Let k(u) = 9*c(u) + 4*m(u). Let r be (-3)/(6/4) + -2. What is k(r)?
-34
Let p(t) = -3*t**3 - 8*t**2 - t + 5. Let z be (88/132)/(4/(-18)). Calculate p(z).
17
Let v = -182 - -182. Let t(d) = 32 - 42 - d + v*d - 50. Calculate t(0).
-60
Let t(m) = -26*m**3 - 2*m**2 - 6*m - 4. Let h(f) = -57*f**3 - 4*f**2 - 13*f - 10. Let w(k) = -4*h(k) + 9*t(k). Calculate w(1).
-6
Let x(a) = 2*a**3 - a**2 - 3*a - 1. Let b(z) = -9*z**3 + 8*z**2 + 11*z + 2. Let s(y) = b(y) + 5*x(y). What is s(-5)?
-33
Let u = -145 - -148. Let l(g) = g**3 - 6 + 4*g**2 + 7*g**3 - u*g - 7*g**3. Determine l(-4).
6
Suppose 2*s = -s - 9. Let b = -454 - -471. Let f(o) = -4*o**2 - 17*o**3 - 11*o**3 - 1 + 44*o**3 - b*o**3. What is f(s)?
-10
Suppose 0 = 98*w - 94*w - 20. Let n(b) = -b**3 + 11*b**2 + 7*b - 6. Let u(r) = -r**3 + 13*r**2 + 8*r - 7. Let j(d) = 4*n(d) - 3*u(d). Calculate j(w).
17
Suppose 0 = -6*u + 2*u. Let m(b) = -3*b**2 - 2*b + 1. Let n(k) = 4*k**2 + 3*k - 1. Suppose 3*w - 6 + 0 = 0. Let d(x) = w*n(x) + 3*m(x). What is d(u)?
1
Let p(m) = -15*m**2 - 8*m - 54. Let s(c) = 3*c**2 + c + 11. Let w(j) = -2*p(j) - 11*s(j). What is w(3)?
-25
Let y(h) be the second derivative of -17*h**3/6 + h**2/2 - 2474*h. Suppose 2 = -0*t - 2*t. What is y(t)?
18
Suppose 3*x + 4*h - 1032 = 0, 4*x - 31*h + 29*h = 1376. Suppose -x*o + 2 = -346*o. Let r(f) = 3 + 7*f - 4 + 2. Determine r(o).
-6
Let v be (3 + -2 - -25)*33/6. Suppose v = 4*x + 151. Let z(m) = -2*m**2 + 2. What is z(x)?
-6
Let z(t) = -6 - 6*t**2 + 17 - t**3 + 3 + 1430*t - 1411*t. What is z(-8)?
-10
Suppose l = z - 145, -287 = -2*z - 3*l + 6*l. Let d = z - 160. Let p(y) = -y**2 - 11*y + 16. What is p(d)?
4
Let t(j) = -j**3 + 4*j**2 + 7*j - 7. Let w(v) be the third derivative of -v**5/60 - v**4/12 + 5*v**3/6 - 78*v**2 + 1. Let b be w(0). Calculate t(b).
3
Let u(x) = -6 - 11482*x - x**2 + 11476*x + 5. Let m be (9/12)/(2/(-24)). Determine u(m).
-28
Suppose 5*t + 1425 = -5*m, 5*m + 273 = -t + 7*m. Let l = 277 + t. Let o(x) = x**3 + 6*x**2 + 5*x - 1. Give o(l).
11
Let b = -35 + 25. Let z(p) = p + 13. Let f be z(b). Let t(x) = -3*x**2 + 6*x + 2*x**2 + 2*x**2 + f. Give t(-7).
10
Let w(j) = -j - 5 + j + j. Let x be 99/7 + -13 + (-48)/42. Determine w(x).
-5
Let q(r) = -13*r - 24. Suppose -551 = -131*h + 366. Calculate q(h).
-115
Let k = -162 + 174. Let p(n) = 125*n + k + 121*n - 244*n. What is p(-9)?
-6
Let t = 5882 + -5883. Let w(r) = -29*r**3 + 2*r**2 - 2*r - 3. Calculate w(t).
30
Let f(q) be the first derivative of -q**4/2 + 6*q**3 - q**2/2 + 11*q - 12. Let k be f(9). Let g = 8 - k. Let n(m) = -m + 2. Determine n(g).
-4
Suppose -5*z - 4*u + 6 = 0, -3*z - 147 = 3*u - 150. Let g(x) = 5*x - 3 - 2*x - x. What is g(z)?
1
Let m(w) = -62*w**2 - 47*w**2 + 3 - 10*w + 108*w**2 - 2. Give m(-11).
-10
Let u(j) be the second derivative of j**4/6 - 7*j**3/3 + 4*j**2 + j + 27. Calculate u(1).
-4
Let g(s) = s**3 - 9*s**2 + s - 4. Let d be (146/219)/(1/(-9) - 0). Let c be d + -6 + 21 - 0. Calculate g(c).
5
Let f(c) = 9*c - 1. Let z(t) = -4*t + 164. Let l be z(40). Suppose 9 = l*j + u, 3*j - 7*j = -2*u + 6. Calculate f(j).
8
Let w(i) = -i**2 + 21*i - 18. Let h be w(20). Let k(b) = 2*b - 5*b + b**3 + 6*b + 6*b**h. Suppose 5*z - 4*j + 0*j - 2 = 0, -5*z = j + 13. What is k(z)?
10
Let t(g) = g**3 + 27*g**2 + 2*g + 58. Let c be t(-27). Suppose 3*j - 7 = -4*o, -4*j - 24 = c*o - 7*o. Let r(m) = 2*m**2 - 5*m - 4. Give r(o).
8
Let o(f) be the second derivative of f**3/6 + 7*f**2 - 144*f + 2. Let l(a) = -a - 4. Let t be l(6). Give o(t).
4
Let p(c) = -c + 9. Let s(y) = -y**3 - 6*y**2 - 12*y - 14. Let i be s(-4). Let b be i/((-12)/(-18)) + 24. Suppose -5*o + b = -8. Calculate p(o).
2
Let c(q) = 39*q - 60. Let i(v) = -216*v + 299. Let z(n) = 11*c(n) + 2*i(n). Calculate z(-18).
-8
Let t(u) = 3*u + 23. Suppose -4*k + 3*n + 40 = -0*n, 3*k = -4*n + 30. Suppose k = 35*p - 36*p. Determine t(p).
-7
Let o(t) be the second derivative of -1/6*t**3 - 2 + 1/2*t**2 - 5*t + 1/3*t**4 - 1/20*t**5. Calculate o(3).
7
Let o(s) be the first derivative of -s**4/4 + 2*s**3 - 4*s**2 + 5*s + 431. Let w = 7 + -12. Let t = 0 - w. Calculate o(t).
-10
Let x(z) = -5*z**2 - 19*z - 3. Let d(n) = 11*n**2 - 22*n + 24*n + 0 + 7 + 38*n. Let p(v) = 6*d(v) + 13*x(v). Give p(8).
11
Let a(q) = -q**2 - q - 5. Let t = -1066 - -974. Let b = -94 - t. Calculate a(b).
-7
Let p(q) = 4*q + 2. Let c(z) = 3*z**3 - 2*z**2 + 3*z - 22. Let n be c(3). Let s = -79 + n. Let x = 26 + s. Determine p(x).
-10
Let l(s) = 2 + s**2 - 12*s**3 - 4 + 11*s**3. Let k be 19 + -4 + -7 + -6. Give l(k).
-6
Let h(c) = -c**2 + 3*c + 16. Suppose -270*u - 2*m = -273*u + 18, 5*u + 5*m - 30 = 0. Calculate h(u).
-2
Suppose 0 = 2*j - 3*j + 5. Let p be ((3/1)/(-18))/(1/(-6)). Let x(u) = -4*u**2 + 11*u + 7. Let g(s) = s**2 - s. Let i(v) = p*x(v) + 3*g(v). What is i(j)?
22
Let z(s) = s**2 + 4*s + 3. Suppose 0 = 24*q + 71*q + 665. Determ